e prime factors of 258169214.
2, 47, 2746481
What are the prime factors of 3599237165?
5, 19, 2729, 13883
What are the prime factors of 111405602?
2, 7, 11, 723413
What are the prime factors of 5431946552?
2, 678993319
List the prime factors of 464806583.
464806583
List the prime factors of 47732580.
2, 3, 5, 7, 43, 881
List the prime factors of 91753741.
91753741
List the prime factors of 2274949023.
3, 1453, 521897
What are the prime factors of 1376004810?
2, 3, 5, 101, 103, 4409
What are the prime factors of 7330978944?
2, 3, 1097, 5801
What are the prime factors of 2875289577?
3, 17, 569, 99083
What are the prime factors of 609471718?
2, 31, 599, 16411
List the prime factors of 159309670.
2, 5, 13, 1225459
What are the prime factors of 11763626?
2, 7, 17, 23, 307
What are the prime factors of 65878840?
2, 5, 1646971
What are the prime factors of 895157250?
2, 3, 5, 13, 91811
What are the prime factors of 3589383?
3, 7, 59, 2897
What are the prime factors of 2601437582?
2, 631, 2061361
List the prime factors of 60885857.
17, 3581521
What are the prime factors of 682667044?
2, 257, 571, 1163
List the prime factors of 3369864155.
5, 7, 6569, 14657
List the prime factors of 56394672.
2, 3, 43, 89, 307
List the prime factors of 2432443248.
2, 3, 2539, 6653
What are the prime factors of 95681255?
5, 19136251
What are the prime factors of 1549810?
2, 5, 154981
What are the prime factors of 119977864?
2, 14997233
List the prime factors of 1479822299.
1479822299
List the prime factors of 149381637.
3, 5987, 8317
List the prime factors of 855648663.
3, 821, 347401
List the prime factors of 275378171.
29, 9495799
List the prime factors of 35693895.
3, 5, 89, 26737
List the prime factors of 33249258.
2, 3, 7, 87961
List the prime factors of 50049467.
13, 131, 29389
What are the prime factors of 41036817?
3, 151, 157, 577
What are the prime factors of 427639009?
7, 61091287
What are the prime factors of 498601489?
31, 107, 191, 787
What are the prime factors of 102043062?
2, 3, 11, 515369
What are the prime factors of 979633838?
2, 113, 4334663
What are the prime factors of 86255082?
2, 3, 31, 154579
List the prime factors of 26276202.
2, 3, 19, 76831
List the prime factors of 2490248150.
2, 5, 13, 653, 5867
What are the prime factors of 849683321?
849683321
List the prime factors of 835899601.
835899601
List the prime factors of 26465561.
3359, 7879
What are the prime factors of 151610769?
3, 16845641
What are the prime factors of 71936491?
11, 6539681
What are the prime factors of 222725302?
2, 151, 737501
List the prime factors of 267245854.
2, 31, 47, 91711
What are the prime factors of 41167144?
2, 1459, 3527
What are the prime factors of 136425892?
2, 421, 81013
What are the prime factors of 4790063143?
389, 12313787
List the prime factors of 5352019.
113, 47363
What are the prime factors of 3712340850?
2, 3, 5, 101, 245039
List the prime factors of 30244381.
1667, 18143
List the prime factors of 77707498.
2, 11, 1621, 2179
What are the prime factors of 870922771?
870922771
List the prime factors of 5655674288.
2, 11, 32134513
List the prime factors of 352453402.
2, 7, 1033, 24371
What are the prime factors of 7170336719?
7, 13, 78794909
List the prime factors of 22168147.
22168147
What are the prime factors of 2628621242?
2, 13, 967, 104551
What are the prime factors of 1601420775?
3, 5, 59, 361903
List the prime factors of 6783908.
2, 71, 23887
List the prime factors of 25851248.
2, 19, 85037
What are the prime factors of 821841247?
821841247
What are the prime factors of 602648294?
2, 301324147
What are the prime factors of 172484900?
2, 5, 7, 35201
What are the prime factors of 379328142?
2, 3, 167, 378571
What are the prime factors of 927799714?
2, 23, 20169559
List the prime factors of 173083016.
2, 21635377
List the prime factors of 12289094.
2, 41, 149867
List the prime factors of 103103898.
2, 3, 233, 73751
List the prime factors of 377532504.
2, 3, 59, 88873
List the prime factors of 360576119.
53, 6803323
List the prime factors of 306141518.
2, 153070759
List the prime factors of 373506999.
3, 124502333
List the prime factors of 1417914721.
1417914721
List the prime factors of 418098228.
2, 3, 34841519
List the prime factors of 704208624.
2, 3, 7, 29, 72271
What are the prime factors of 6639222?
2, 3, 89, 12433
What are the prime factors of 53961727?
53961727
List the prime factors of 1810866244.
2, 11, 41156051
What are the prime factors of 165523512?
2, 3, 7, 11, 43, 2083
List the prime factors of 2773545683.
137, 20244859
List the prime factors of 85343521.
107, 509, 1567
List the prime factors of 615787587.
3, 19, 251, 14347
List the prime factors of 211422166.
2, 17, 157, 39607
List the prime factors of 40657225.
5, 7, 379, 613
List the prime factors of 64514362.
2, 11, 43, 47, 1451
What are the prime factors of 2912276595?
3, 5, 53, 3663241
What are the prime factors of 2391670250?
2, 5, 9566681
List the prime factors of 2686863090.
2, 3, 5, 17, 53, 107, 929
What are the prime factors of 105124301?
105124301
What are the prime factors of 55088381?
17, 23, 140891
What are the prime factors of 226868936?
2, 7, 1187, 3413
What are the prime factors of 578479625?
5, 131, 35327
List the prime factors of 348584118.
2, 3, 29, 283, 7079
What are the prime factors of 47570490?
2, 3, 5, 11, 19, 281
What are the prime factors of 251649361?
211, 1192651
What are the prime factors of 101086445?
5, 20217289
List the prime factors of 44144101.
43, 229, 4483
What are the prime factors of 15247987?
61, 249967
List the prime factors of 256141397.
17, 15067141
List the prime factors of 54176316.
2, 3, 23, 196291
List the prime factors of 50996668.
2, 17, 359, 2089
List the prime factors of 238163492.
2, 7, 277, 30707
List the prime factors of 89543335.
5, 7, 17, 21499
List the prime factors of 114981033.
3, 38327011
List the prime factors of 5400995751.
3, 600110639
List the prime factors of 17693983.
17693983
What are the prime factors of 1145279178?
2, 3, 63626621
What are the prime factors of 5820902565?
3, 5, 1109, 349919
List the prime factors of 704398246.
2, 352199123
What are the prime factors of 3913156549?
461, 701, 12109
What are the prime factors of 5663035052?
2, 79, 17920997
List the prime factors of 94869747.
3, 7, 83, 18143
List the prime factors of 134602218.
2, 3, 73, 102437
What are the prime factors of 12596697?
3, 1399633
List the prime factors of 168914934.
2, 3, 431, 21773
What are the prime factors of 2283544554?
2, 3, 380590759
What are the prime factors of 334269040?
2, 5, 7, 137, 4357
List the prime factors of 120120151.
120120151
List the prime factors of 145170747.
3, 16130083
What are the prime factors of 213993895?
5, 263, 353, 461
List the prime factors of 3104666122.
2, 47, 1471, 22453
List the prime factors of 252011467.
499, 505033
List the prime factors of 3781874065.
5, 1583, 477811
What are the prime factors of 57058391?
13, 509, 8623
What are the prime factors of 384265878?
2, 3, 64044313
What are the prime factors of 898571272?
2, 503, 223303
What are the prime factors of 100081854?
2, 3, 19, 353, 829
List the prime factors of 136616703.
3, 45538901
What are the prime factors of 307793845?
5, 61558769
List the prime factors of 68256082.
2, 29, 449, 2621
What are the prime factors of 154837213?
19, 1951, 4177
List the prime factors of 1811685554.
2, 7, 631, 205081
What are the prime factors of 95435089?
211, 271, 1669
List the prime factors of 219826038.
2, 3, 163, 224771
What are the prime factors of 174200650?
2, 5, 13, 283, 947
List the prime factors of 351977299.
17, 19, 1089713
What are the prime factors of 405408294?
2, 3, 7507561
What are the prime factors of 134299083?
3, 1753, 25537
What are the prime factors of 487574108?
2, 7, 2487623
What are the prime factors of 20110741?
7, 199, 14437
What are the prime factors of 43311836?
2, 31, 43, 8123
What are the prime factors of 3730502?
2, 29, 64319
List the prime factors of 871269176.
2, 17, 739, 8669
What are the prime factors of 586906699?
43, 1373, 9941
What are the prime factors of 40210653?
3, 7, 67, 28579
What are the prime factors of 108675596?
2, 101, 268999
List the prime factors of 401214490.
2, 5, 821, 48869
What are the prime factors of 